 32 - d + 6*f**2 + 0*f. Calculate v(6).
-3
Let c = 41 - 41. Suppose c = -2*b - 2, -2*b + 10 = d + 3*b. Let y(h) = 6*h + h**2 + 10 - 24 + d. What is y(-7)?
8
Let r(c) = -7*c**2 + 108*c + 1083. Let h be r(-7). Let x(v) = -17*v - 277. What is x(h)?
-5
Let g(l) be the first derivative of 0*l + 1/4*l**4 + 93 + l**2 - 4/3*l**3. Suppose -2*r + 22 = 5*x + 2*r, 4*x + 2*r - 14 = 0. Determine g(x).
-4
Suppose 0 = 2*d - 4*s - 168, 3*d + 5*s - 245 = 4*s. Let r(o) = 165 - d - 86 - o**3 + 8*o**2. Calculate r(8).
-3
Let s(b) = -b**2 + 9*b - 11. Suppose 0 = 2*i + 3*o - 1, -5*i + 2*o - 4*o = -19. Suppose -5*f + 233 = -4*t, 2*t - 77 = 3*t - i*f. Let m = t + 60. What is s(m)?
-3
Let o(i) = 6*i - 133. Let a be o(23). Let s(n) = 2*n + 5 - 7 - a - 3*n. Let f = -16 - -9. Calculate s(f).
0
Let r(k) = -k**2 + 2*k + 59. Let c = -1653 - -1662. Calculate r(c).
-4
Let g(y) be the third derivative of -y**5/60 - y**4/24 - y**3/6 + 12*y**2. Let z(p) = p**3 + 10*p**2 + 3*p - 2. Let s(u) = 3*g(u) + z(u). What is s(-7)?
-5
Let b(c) = -4*c + 3*c**3 + 13*c + 21*c**2 + 3*c**2 - 2*c**3 + 2*c - 5 - 12*c**2. Let a = -34 + 23. Calculate b(a).
-5
Let d(r) = -r**3 - 5*r**2 + 12*r - 8. Let j be d(-7). Let p(l) = -l - 6. Let t(i) = i**2 - 9*i - 14. Let x(u) = 2*p(u) - t(u). Determine x(j).
8
Let z(y) = 2*y - 31. Let n be -9*204/272*40/54. Calculate z(n).
-41
Let c(d) = -d - 7. Let h(x) = 3*x + 15. Suppose -6*m = -11*m + 25. Let f(l) = m*c(l) + 2*h(l). What is f(4)?
-1
Let v(y) = -84*y + 144*y**2 + 4557 - 4570 - 135*y**2. What is v(10)?
47
Let t(b) = -b**3 + 5*b**2 - 4*b - 2. Let s = 31 + -17. Let y(c) be the first derivative of c**4/4 - 14*c**3/3 + c**2/2 - 10*c - 603. Let p be y(s). Give t(p).
-2
Let j be 38 + (-8)/(-20)*5. Suppose -j = 2*f - 6*f. Let h be -3*f/(-15) - -4. Let p(i) = -i**2 + 6*i - 1. Determine p(h).
-1
Let a(p) = -158 + 46 + 10*p + 41 + 46 + 24. What is a(1)?
9
Suppose -n - 2*n = -15. Suppose y = -n*j - 10, -2*j + 5*j + y + 8 = 0. Let h(b) be the second derivative of -2*b**3 + b**2/2 + 864*b. Determine h(j).
13
Let y(i) = -6*i - 132. Let c(f) = -f**2 + 369*f - 3264. Let t be c(9). Give y(t).
12
Let j = 2730 - 2738. Let i(q) = q**2 + 10*q + 5. Give i(j).
-11
Let p(w) = 8*w + 10*w**3 - 11*w**3 + 5*w**2 + 3 - 15*w. Let l be p(3). Let v(x) = -2*x**2 + 6 - 2 + 3*x**2. What is v(l)?
4
Let c(t) be the third derivative of 55*t**4/24 - 191*t**3/3 + 12*t**2 + t - 202. Give c(7).
3
Let t(a) = -281*a + 858*a - 2 - 621*a. Give t(2).
-90
Let i(d) be the third derivative of -1/120*d**6 - 2*d**2 + 13/24*d**4 + 11/60*d**5 + 0*d - 76 - 5/2*d**3. Determine i(12).
-3
Let y(f) = -6 + 3*f - 4*f + 3. Let g(q) = -10488*q + 94384. Let b be g(9). Give y(b).
5
Let k(h) = -h**2 + 9*h - 15. Let a be 19372/261 - (1 + (-7)/9). Let i be 64/(-160) + a/10. Calculate k(i).
-1
Let l be (-4)/(-10) - (-406)/35. Let y(a) = -9 - 4 + l + a. Let s be y(-4). Let w(g) = -g**3 - 4*g**2 + 4*g - 5. Calculate w(s).
0
Let w(r) = 2*r**2 - 75*r + 405. Let g be w(31). Let s(v) be the third derivative of v**6/120 - v**5/20 + v**4/8 + v**2. Calculate s(g).
2
Let i(a) = -a - 4. Let r(t) = 3*t + 11. Let h(x) = 11*i(x) + 4*r(x). Let p = 2246 - 2239. Determine h(p).
7
Let q = 34 + -31. Suppose -37 = -q*t - 5*p, -t = 3*t - p - 57. Let r(f) = -t*f + 25*f - 7*f. Determine r(2).
8
Let h = 89/3480 - 1/58. Let w(o) be the third derivative of -1/2*o**3 + 0*o - 1/12*o**4 + 1/15*o**5 + 0 + h*o**6 - 7*o**2. Give w(-3).
12
Let g(j) = -30*j. Let s(n) = 17*n. Let f(m) = 4*g(m) + 7*s(m). Suppose 0 = 2*c - 3*c. Let r = c + 1. Give f(r).
-1
Let p = 8204 - 8200. Let w(t) be the first derivative of 1/2*t**2 - 8 + p*t. Give w(-7).
-3
Let i(h) = h**2. Let x(j) = -2. Let z(l) = -11. Let p(d) = -5*x(d) + z(d). Let w(t) = -5*i(t) + p(t). Calculate w(-1).
-6
Let f(q) = 6*q**3 - 85*q**2 + 18*q - 58. Let l be f(14). Let p = 0 - -3. Let y(t) = -4*t - p*t + 7*t + t. Give y(l).
-2
Let d(q) be the second derivative of q**3 + q**2 - 34*q - 2. Let o be (4 - 0) + -9 + 6 + -2. Calculate d(o).
-4
Let a(o) = 9*o**3 + 3*o**2. Let r be a(-2). Let y = 914 - 913. Let l be (y - (-1)/5)/(18/r). Let h(q) = -q**3 - 4*q**2 - 2*q. What is h(l)?
8
Let t(f) = -f + 14. Let u be (-4 - (-24 + (-1 - 2))) + 3. Suppose -22*s = -u*s - 8. Let o be (10 - s - 0) + -3. What is t(o)?
5
Suppose 4*b - 363 = -7*b. Suppose 0*a + 5*a - 2*h - 53 = 0, -5*a + b = 3*h. Let m(v) = v**3 - 10*v**2 + 8*v + 7. What is m(a)?
-2
Suppose 3*d = 5*n - 35, -25 = -n + 3*d - 6*d. Let l(b) = b - 8. Calculate l(n).
2
Suppose -p + 213*q = 210*q - 1, 3*p - q - 3 = 0. Let u(v) = -7*v**3 - v**2 + 2*v - 2. Determine u(p).
-8
Let n be 7 + ((-2700)/15)/15. Let z(d) = -d**2 - d + 23. Give z(n).
3
Let d(m) = -m**2 + 11*m + 27. Let y be d(13). Let q be (1*-6*y - -1) + 1. Let l(s) = s**2 + 4*s + 5. What is l(q)?
5
Let o(f) be the third derivative of f**5/60 + 11*f**4/24 + 6*f**2 - 541. Give o(-9).
-18
Let d(x) = -x**3 - x**2 + 1. Let y(b) = 5*b**3 + 10*b**2 - 2*b - 7. Let v = -203 + 207. Let k(a) = v*d(a) + y(a). Determine k(-6).
9
Let d = 15 + -29. Let f be (-32)/(-112) - (-4)/d - -9. Let p be (-1)/((f/(-2))/9). Let s(z) = z**3 - z**2 - 4*z + 3. What is s(p)?
-1
Let m(t) be the third derivative of -t**6/60 + 11*t**5/30 + t**4 - 3*t**2 + 378*t. Determine m(12).
0
Let a(t) be the third derivative of -t**6/120 - t**5/10 - t**4/12 - 13*t**3/6 - 4*t**2 + t - 466. What is a(-6)?
-1
Let n(b) = 2*b**2 + 60*b - 14. Let t(u) = u**2 + 25*u + 54. Let g be t(-21). What is n(g)?
-14
Suppose 27*j - 31 = 34*j - 3. Let n(d) = 10*d + 13. Calculate n(j).
-27
Let r(u) be the second derivative of -6 - 5/2*u**2 + 2*u + 1/3*u**3. Determine r(-4).
-13
Let f be 6/12 - 2/(-4). Let t(n) = n + 4696 - n**2 - 2331 - 2366 + 22*n**3. Give t(f).
21
Let p(s) = -8*s**3 - 20*s**2 - 7*s + 46. Let j(t) = 13*t**3 + 32*t**2 + 11*t - 67. Let b(o) = -5*j(o) - 8*p(o). Let u be (-1)/2*-2 - 1. Calculate b(u).
-33
Let s be 391/46*(-24)/(-102). Let f(r) = 3*r**3 - 2*r**2 + r + 3. What is f(s)?
21
Suppose -6*q + 121 = -29. Suppose -28*n + q = -31. Let j(h) = h + 1. Let o(z) = 3*z - 5. Let w(d) = -2*j(d) - o(d). Give w(n).
-7
Let t(q) = q**3 + 8*q**2 - 43*q - 95. Let o be t(-11). Let n(z) = -2*z - 26. Give n(o).
-56
Let g(n) be the second derivative of n**5/20 - 7*n**4/12 + 5*n**3/3 - 13*n**2 - n - 20. Let m be g(6). Let k(s) = -2*s**2 + s + 1. Calculate k(m).
-9
Let s(h) = 34*h**2 + 10*h - 14. Let o(a) = -6*a**2 - a + 1. Let i(u) = -6*o(u) - s(u). What is i(2)?
8
Suppose -379 = -5*j + 3*a, -2*a - 225 = -3*j - a. Let c = j - 79. Let m(t) = 2 - 5 + 5 + t. What is m(c)?
-3
Let b(p) = 13*p - 2. Let o(y) be the second derivative of 2*y**3/3 + y - 23. Let l(f) = -b(f) + 3*o(f). Give l(5).
-3
Let w(k) = 2*k**2 + 6*k - 6. Let x be w(1). Let r(h) = h**2 - 4*h - 12. Let a(y) = 2*y**2 - 4*y - 15. Let m(o) = x*a(o) - 3*r(o). Calculate m(-4).
6
Let j(n) be the first derivative of n**3/3 - 15*n**2/2 + 47*n - 911. Calculate j(5).
-3
Suppose -10*y = -15*y + 170. Let a = -33 + y. Let k(n) = -7*n**2 + n + 1. Let d(p) = -6*p**2 + 1. Let q(u) = 3*d(u) - 2*k(u). What is q(a)?
-5
Let q(u) = 32*u + 161. Let d(f) = -14*f - 73. Let s(t) = 9*d(t) + 4*q(t). What is s(8)?
3
Suppose 23*i + 93 = -229. Let n be -8 - (i/2 + 2). Let v(f) = -5*f. Give v(n).
15
Suppose j = 5*t + 1, -4*t - 10 = -j - 7. Let s(a) = -j*a + 16*a + 5*a**2 + 170*a**3 - 168*a**3. Give s(-2).
-6
Let o(a) be the second derivative of -a**5/20 + 5*a**4/2 - a**3/3 + 27*a**2 - 265*a + 1. Determine o(30).
-6
Let g = 7698 + -7696. Let u(h) = -8*h**3 + 4*h**2 - 3*h + 1. Calculate u(g).
-53
Suppose -22*i = -23*i + 6. Let r(v) = i*v**2 - v**3 - 8 + 2 + 3. What is r(3)?
24
Suppose -16 = -4*d + 8. Let a(g) = -290*g - 278*g - 299*g + 873*g - g**2 + 0*g**2 + 6. Give a(d).
6
Let i(t) = 7*t**2 - 4*t + 0*t + 14*t**3 + 4 + 12*t**3 - 27*t**3. Suppose 0 = -s + 4*m - 43, -m + 190 = -5*s - 6*m. Let f = s + 45. Give i(f).
16
Suppose 0 = 5*f + 65 - 20. Let k(c) be the first derivative of c**3/3 + 7*c**2/2 - 7*c + 7023. What is k(f)?
11
Suppose -j = 3*a - 154 - 174, 4*j + 4*a - 1344 = 0. Suppose 284 = -8*i + j. Let z(o) = -o**2 + 7*o + 8. Calculate z(i).
8
Let i(q) be the first derivative of -2*q**2 - 8. Suppose -5*s = -5*j + 420, 0 = -2*s - 0*j - 2*j - 172. Let b be (51/s)/(1/5). What is i(b)?
12
Let k(p) be the third derivative of -p**5/60 + 3*p